{"id":48,"date":"2015-07-15T11:16:47","date_gmt":"2015-07-15T11:16:47","guid":{"rendered":"http:\/\/carbucovina.ro\/?page_id=48"},"modified":"2021-06-24T04:44:41","modified_gmt":"2021-06-24T04:44:41","slug":"credit-express","status":"publish","type":"page","link":"http:\/\/carbucovina.ro\/index.php\/credit-express\/","title":{"rendered":"Imprumut GARANTAT"},"content":{"rendered":"<p><span style=\"color: #ff0000;\"><strong>IMPRUMUTUL GARANTAT<\/strong><\/span><\/p>\n<p><span style=\"color: #000080;\"><strong>Imprumut cu giranti garantat partial cu fondul social propriu:<\/strong><\/span><\/p>\n<table width=\"643\">\n<tbody>\n<tr>\n<td width=\"104\"><strong>venitul debitorului<\/strong><\/td>\n<td width=\"161\"><strong>suma \u00eemprumutat\u0103<\/strong><\/td>\n<td width=\"161\"><strong>perioada contractual\u0103 maxim\u0103<\/strong><\/td>\n<td width=\"217\"><strong>garan\u021bii necesare<\/strong><\/p>\n<p><strong>\u00a0<\/strong><\/td>\n<\/tr>\n<tr>\n<td width=\"104\"><strong>\u00a01.386,00 lei<\/strong><\/td>\n<td width=\"161\"><strong>\u00a01.500,00 lei<\/strong><\/td>\n<td width=\"161\"><strong>12 luni<\/strong><\/td>\n<td width=\"217\"><strong>1 girant + 50% fond social<\/strong><\/td>\n<\/tr>\n<tr>\n<td width=\"104\"><strong>\u00a01.386,00 lei<\/strong><\/td>\n<td width=\"161\"><strong>\u00a05.000,00 lei<\/strong><\/td>\n<td width=\"161\"><strong>18 luni<\/strong><\/td>\n<td width=\"217\"><strong>1 girant + 50% fond social<\/strong><\/td>\n<\/tr>\n<tr>\n<td width=\"104\"><strong>\u00a01.386,00 lei<\/strong><\/td>\n<td width=\"161\"><strong>\u00a010.000,00 lei<\/strong><\/td>\n<td width=\"161\"><strong>24 luni<\/strong><\/td>\n<td width=\"217\"><strong>2 giran\u021bi + 50% fond social<\/strong><\/td>\n<\/tr>\n<\/tbody>\n<\/table>\n<p><span style=\"color: #000080;\"><strong>Documente necesare:<\/strong><\/span><\/p>\n<ul>\n<li>Document de identitate (CI\/ BI) \u2013 in original<\/li>\n<li>Adeverinta de venit tip\/ cupon de pensie + decizie de pensionare \u2013 in original<\/li>\n<li>Extras din REVISAL (Registrul electronic de eviden\u0163\u0103 a salaria\u0163ilor) \u2013 semnat si stampilat de angajator (pentru salaria\u021bii din mediul privat)<\/li>\n<\/ul>\n<p><span style=\"color: #000080;\"><strong>Avantaje:<\/strong><\/span><\/p>\n<ul>\n<li>operare maxim 4 ore<\/li>\n<li>nu se percep comisioane de administrare<\/li>\n<li>termenul de rambursare a imprumutului este convenabil si accesibil<\/li>\n<li>consultanta si asistenta juridica gratuita<\/li>\n<li>dobanda fixa pe toata perioada derularii creditului<\/li>\n<li>pana la 3 luni perioada de gratie<\/li>\n<li>accesibil, adresat si pensionarilor cu venituri de minim 1.386,00 lei<\/li>\n<\/ul>\n","protected":false},"excerpt":{"rendered":"<p>IMPRUMUTUL GARANTAT Imprumut cu giranti garantat partial cu fondul social propriu: venitul debitorului suma \u00eemprumutat\u0103 perioada contractual\u0103 maxim\u0103 garan\u021bii necesare \u00a0 \u00a01.386,00 lei \u00a01.500,00 lei 12 luni 1 girant + 50% fond social \u00a01.386,00 lei \u00a05.000,00 lei 18 luni 1&hellip; <br \/><a class=\"read-more-button\" href=\"http:\/\/carbucovina.ro\/index.php\/credit-express\/\">Read more<\/a><\/p>\n","protected":false},"author":1,"featured_media":0,"parent":0,"menu_order":0,"comment_status":"closed","ping_status":"closed","template":"","meta":[],"yoast_head":"<!-- This site is optimized with the Yoast SEO plugin v19.6 - https:\/\/yoast.com\/wordpress\/plugins\/seo\/ -->\n<title>Imprumut GARANTAT - Casa de Ajutor Reciproc Bucovina<\/title>\n<meta name=\"robots\" content=\"index, follow, max-snippet:-1, max-image-preview:large, max-video-preview:-1\" \/>\n<link rel=\"canonical\" href=\"http:\/\/carbucovina.ro\/index.php\/credit-express\/\" \/>\n<meta property=\"og:locale\" content=\"en_US\" \/>\n<meta property=\"og:type\" content=\"article\" \/>\n<meta property=\"og:title\" content=\"Imprumut GARANTAT - Casa de Ajutor Reciproc Bucovina\" \/>\n<meta property=\"og:description\" content=\"IMPRUMUTUL GARANTAT Imprumut cu giranti garantat partial cu fondul social propriu: venitul debitorului suma \u00eemprumutat\u0103 perioada contractual\u0103 maxim\u0103 garan\u021bii necesare \u00a0 \u00a01.386,00 lei \u00a01.500,00 lei 12 luni 1 girant + 50% fond social \u00a01.386,00 lei \u00a05.000,00 lei 18 luni 1&hellip; Read more\" \/>\n<meta property=\"og:url\" content=\"http:\/\/carbucovina.ro\/index.php\/credit-express\/\" \/>\n<meta property=\"og:site_name\" content=\"Casa de Ajutor Reciproc Bucovina\" \/>\n<meta property=\"article:modified_time\" content=\"2021-06-24T04:44:41+00:00\" \/>\n<meta name=\"twitter:card\" content=\"summary\" \/>\n<meta name=\"twitter:label1\" content=\"Est. reading time\" \/>\n\t<meta name=\"twitter:data1\" content=\"1 minute\" \/>\n<script type=\"application\/ld+json\" class=\"yoast-schema-graph\">{\"@context\":\"https:\/\/schema.org\",\"@graph\":[{\"@type\":\"WebPage\",\"@id\":\"http:\/\/carbucovina.ro\/index.php\/credit-express\/\",\"url\":\"http:\/\/carbucovina.ro\/index.php\/credit-express\/\",\"name\":\"Imprumut GARANTAT - Casa de Ajutor Reciproc Bucovina\",\"isPartOf\":{\"@id\":\"https:\/\/carbucovina.ro\/#website\"},\"datePublished\":\"2015-07-15T11:16:47+00:00\",\"dateModified\":\"2021-06-24T04:44:41+00:00\",\"breadcrumb\":{\"@id\":\"http:\/\/carbucovina.ro\/index.php\/credit-express\/#breadcrumb\"},\"inLanguage\":\"en-US\",\"potentialAction\":[{\"@type\":\"ReadAction\",\"target\":[\"http:\/\/carbucovina.ro\/index.php\/credit-express\/\"]}]},{\"@type\":\"BreadcrumbList\",\"@id\":\"http:\/\/carbucovina.ro\/index.php\/credit-express\/#breadcrumb\",\"itemListElement\":[{\"@type\":\"ListItem\",\"position\":1,\"name\":\"Home\",\"item\":\"https:\/\/carbucovina.ro\/\"},{\"@type\":\"ListItem\",\"position\":2,\"name\":\"Imprumut GARANTAT\"}]},{\"@type\":\"WebSite\",\"@id\":\"https:\/\/carbucovina.ro\/#website\",\"url\":\"https:\/\/carbucovina.ro\/\",\"name\":\"Casa de Ajutor Reciproc Bucovina\",\"description\":\"Casa de ajutor reciproc Suceava, Imprumuturi rapide, credite nebancare, credite rapide\",\"publisher\":{\"@id\":\"https:\/\/carbucovina.ro\/#organization\"},\"potentialAction\":[{\"@type\":\"SearchAction\",\"target\":{\"@type\":\"EntryPoint\",\"urlTemplate\":\"https:\/\/carbucovina.ro\/?s={search_term_string}\"},\"query-input\":\"required name=search_term_string\"}],\"inLanguage\":\"en-US\"},{\"@type\":\"Organization\",\"@id\":\"https:\/\/carbucovina.ro\/#organization\",\"name\":\"Casa de Ajutor Reciproc Bucovina\",\"url\":\"https:\/\/carbucovina.ro\/\",\"sameAs\":[],\"logo\":{\"@type\":\"ImageObject\",\"inLanguage\":\"en-US\",\"@id\":\"https:\/\/carbucovina.ro\/#\/schema\/logo\/image\/\",\"url\":\"http:\/\/carbucovina.ro\/wp-content\/uploads\/2015\/11\/logo.jpg\",\"contentUrl\":\"http:\/\/carbucovina.ro\/wp-content\/uploads\/2015\/11\/logo.jpg\",\"width\":350,\"height\":350,\"caption\":\"Casa de Ajutor Reciproc Bucovina\"},\"image\":{\"@id\":\"https:\/\/carbucovina.ro\/#\/schema\/logo\/image\/\"}}]}<\/script>\n<!-- \/ Yoast SEO plugin. -->","yoast_head_json":{"title":"Imprumut GARANTAT - Casa de Ajutor Reciproc Bucovina","robots":{"index":"index","follow":"follow","max-snippet":"max-snippet:-1","max-image-preview":"max-image-preview:large","max-video-preview":"max-video-preview:-1"},"canonical":"http:\/\/carbucovina.ro\/index.php\/credit-express\/","og_locale":"en_US","og_type":"article","og_title":"Imprumut GARANTAT - Casa de Ajutor Reciproc Bucovina","og_description":"IMPRUMUTUL GARANTAT Imprumut cu giranti garantat partial cu fondul social propriu: venitul debitorului suma \u00eemprumutat\u0103 perioada contractual\u0103 maxim\u0103 garan\u021bii necesare \u00a0 \u00a01.386,00 lei \u00a01.500,00 lei 12 luni 1 girant + 50% fond social \u00a01.386,00 lei \u00a05.000,00 lei 18 luni 1&hellip; Read more","og_url":"http:\/\/carbucovina.ro\/index.php\/credit-express\/","og_site_name":"Casa de Ajutor Reciproc Bucovina","article_modified_time":"2021-06-24T04:44:41+00:00","twitter_card":"summary","twitter_misc":{"Est. reading time":"1 minute"},"schema":{"@context":"https:\/\/schema.org","@graph":[{"@type":"WebPage","@id":"http:\/\/carbucovina.ro\/index.php\/credit-express\/","url":"http:\/\/carbucovina.ro\/index.php\/credit-express\/","name":"Imprumut GARANTAT - Casa de Ajutor Reciproc Bucovina","isPartOf":{"@id":"https:\/\/carbucovina.ro\/#website"},"datePublished":"2015-07-15T11:16:47+00:00","dateModified":"2021-06-24T04:44:41+00:00","breadcrumb":{"@id":"http:\/\/carbucovina.ro\/index.php\/credit-express\/#breadcrumb"},"inLanguage":"en-US","potentialAction":[{"@type":"ReadAction","target":["http:\/\/carbucovina.ro\/index.php\/credit-express\/"]}]},{"@type":"BreadcrumbList","@id":"http:\/\/carbucovina.ro\/index.php\/credit-express\/#breadcrumb","itemListElement":[{"@type":"ListItem","position":1,"name":"Home","item":"https:\/\/carbucovina.ro\/"},{"@type":"ListItem","position":2,"name":"Imprumut GARANTAT"}]},{"@type":"WebSite","@id":"https:\/\/carbucovina.ro\/#website","url":"https:\/\/carbucovina.ro\/","name":"Casa de Ajutor Reciproc Bucovina","description":"Casa de ajutor reciproc Suceava, Imprumuturi rapide, credite nebancare, credite rapide","publisher":{"@id":"https:\/\/carbucovina.ro\/#organization"},"potentialAction":[{"@type":"SearchAction","target":{"@type":"EntryPoint","urlTemplate":"https:\/\/carbucovina.ro\/?s={search_term_string}"},"query-input":"required name=search_term_string"}],"inLanguage":"en-US"},{"@type":"Organization","@id":"https:\/\/carbucovina.ro\/#organization","name":"Casa de Ajutor Reciproc Bucovina","url":"https:\/\/carbucovina.ro\/","sameAs":[],"logo":{"@type":"ImageObject","inLanguage":"en-US","@id":"https:\/\/carbucovina.ro\/#\/schema\/logo\/image\/","url":"http:\/\/carbucovina.ro\/wp-content\/uploads\/2015\/11\/logo.jpg","contentUrl":"http:\/\/carbucovina.ro\/wp-content\/uploads\/2015\/11\/logo.jpg","width":350,"height":350,"caption":"Casa de Ajutor Reciproc Bucovina"},"image":{"@id":"https:\/\/carbucovina.ro\/#\/schema\/logo\/image\/"}}]}},"_links":{"self":[{"href":"http:\/\/carbucovina.ro\/index.php\/wp-json\/wp\/v2\/pages\/48"}],"collection":[{"href":"http:\/\/carbucovina.ro\/index.php\/wp-json\/wp\/v2\/pages"}],"about":[{"href":"http:\/\/carbucovina.ro\/index.php\/wp-json\/wp\/v2\/types\/page"}],"author":[{"embeddable":true,"href":"http:\/\/carbucovina.ro\/index.php\/wp-json\/wp\/v2\/users\/1"}],"replies":[{"embeddable":true,"href":"http:\/\/carbucovina.ro\/index.php\/wp-json\/wp\/v2\/comments?post=48"}],"version-history":[{"count":15,"href":"http:\/\/carbucovina.ro\/index.php\/wp-json\/wp\/v2\/pages\/48\/revisions"}],"predecessor-version":[{"id":699,"href":"http:\/\/carbucovina.ro\/index.php\/wp-json\/wp\/v2\/pages\/48\/revisions\/699"}],"wp:attachment":[{"href":"http:\/\/carbucovina.ro\/index.php\/wp-json\/wp\/v2\/media?parent=48"}],"curies":[{"name":"wp","href":"https:\/\/api.w.org\/{rel}","templated":true}]}}